 3*k + 10 = -4*h + 39. What is the remainder when h is divided by 5?
0
Suppose -10*b - 4*i = -17104, 63*i = 4*b + 61*i - 6856. Calculate the remainder when b is divided by 189.
11
Let k = 17551 - 17490. Calculate the remainder when 5793 is divided by k.
59
Suppose h + h - 4*j + 46 = 0, 3*j = -h - 43. Suppose n - 12 = 4*q - 0, -5*n - q = -18. Let k = n - h. Calculate the remainder when k is divided by 9.
8
Suppose -4*u + 42*j - 40*j + 1896 = 0, 3*u = 2*j + 1423. Suppose 44 = r - 24. What is the remainder when u is divided by r?
65
Calculate the remainder when 1246 is divided by ((-1040)/325)/(-1 - 29/(-30)).
94
Suppose 3984 + 30 = 151*q - 818. Suppose -2*i + 148 + 38 = 4*k, 5*i + 4*k - 465 = 0. What is the remainder when i is divided by q?
29
Let k be 4 + ((-6)/3 - 1) + 1. Let q(w) = 75*w**k - w - 53*w**2 + 2 + 2*w. What is the remainder when 90 is divided by q(-1)?
21
Let u(h) = -91*h - 1. Calculate the remainder when ((-1428)/(-24))/(34/204) is divided by u(-1).
87
Let n = -284 + 288. Suppose 65 = n*r - 3*i, 0*i - 90 = -4*r - 2*i. Calculate the remainder when r is divided by 12.
8
Let m be ((-1)/(-3))/1*(-210)/(-14). Suppose -5*i + 3*k + 23 = -29, 0 = -5*k + m. What is the remainder when 327 is divided by i?
8
Suppose 56*d - 13244 = -5*d + 2433. Calculate the remainder when d is divided by 82.
11
Calculate the remainder when 5660/(-45)*(-2 - 50/20) is divided by 73.
55
Let c be 0 + 0 - (5 + 3). Let a = 17 - c. Suppose -y + q + 2*q = -17, y = -3*q + 17. Calculate the remainder when a is divided by y.
8
Let r(s) = -37*s - 884. Calculate the remainder when 173 is divided by r(-24).
1
Let m(i) = 40*i + 138. Let l(n) = -n**2 - 14*n. Calculate the remainder when l(-7) is divided by m(-3).
13
Let h(m) = m**3 + 21*m**2 - 4*m - 84. Let b be h(-21). Suppose 7*d - 9*d = -5*g - 54, b = 4*d - g - 144. What is the remainder when 88 is divided by d?
14
Calculate the remainder when 925 is divided by (-1)/(-2)*(-816)/60*290/(-116).
7
Let f(h) = 6548*h + 19831. Suppose 4*d = -0*k - 3*k + 14, 42 = 5*k + 2*d. What is the remainder when f(-3) is divided by k?
7
Suppose -2*f + 4 = 0, -3*g + 5*f + 75 = 22. Let x(c) = -c**3 + 55*c**2 + 53*c + 245. What is the remainder when x(56) is divided by g?
14
Let n = -2543 + 3588. Suppose 3*i = -4*f + 627, -5*i + 0*i + n = -4*f. Calculate the remainder when i is divided by 7.
6
Let i be -1 + 2 + 1 + (-2 - -2). Suppose 3*o + 24 = t + 8*o, 2*t + i*o = 24. Suppose 0*p - 66 = -2*p. Calculate the remainder when p is divided by t.
6
Let k = 21073 - 21002. What is the remainder when k is divided by 97/4 - 4/16?
23
Let f be 0 + 2 + 2/(-1). Let a(x) = -x - 8. Let z be a(f). Calculate the remainder when (z/(-5))/((-2)/(-50)) is divided by 14.
12
Suppose -4*u + 5*i + 9 = 0, 3*u + 6*i = 2*i - 1. Calculate the remainder when u - 32/(-7 - -5) is divided by (-88)/(-9) + 4/18.
7
Let g(y) = 64*y - 64. Suppose 29*f = 32*f - 6. Calculate the remainder when 80 is divided by g(f).
16
Let z(p) = -11*p**2 + 5*p + 19. Let a(g) = 9*g**2 - 3*g - 18. Let f(k) = 5*a(k) + 4*z(k). Calculate the remainder when f(-13) is divided by 36.
18
Suppose -5*a + 1870 = -105*u + 106*u, 0 = 4*a + 2*u - 1502. What is the remainder when a is divided by 24?
13
Let m = 5242 - 5235. What is the remainder when 12/(-8) + (-450)/(-4) is divided by m?
6
Let z(f) = f**2 + 55*f + 15. Let j be z(-16). Let g = -1 - j. Let x = g + -326. What is the remainder when x is divided by 57?
54
Let k be 2/9 + 939/27. Let o be (12/(-15))/(-4*7/70). Let l = k - o. Calculate the remainder when 98 is divided by l.
32
Let c be (-105)/(-147) + (-2)/(-7) - 2. Let x(y) = 22*y**2 - 3*y - 4. Calculate the remainder when 62 is divided by x(c).
20
Suppose -40*p - 330 + 10 = 0. Calculate the remainder when 5598/(-27)*12/p is divided by 35.
31
Let m(d) = d**3 + d**2 - 105*d - 115. Calculate the remainder when 909 is divided by m(-10).
34
What is the remainder when 178 is divided by 32/128 + (-657)/(-12)?
13
Calculate the remainder when 271 is divided by 182/2*((-195)/(-117))/((-70)/(-12)).
11
Let o(s) = 2*s**2 + 3*s - 49. Let f be o(8). Suppose -16 - f = -7*b. Calculate the remainder when 78 is divided by b.
10
Suppose -2*i + 0*s = -4*s - 330, -4*s = -12. Let d = i - 150. Calculate the remainder when d is divided by 11.
10
Suppose -4*l + 135 = l. Calculate the remainder when l is divided by (-22)/(-2) + 24/6.
12
Let k be (2/1)/1*1. What is the remainder when (-44 - (5 - k))/(-1) is divided by (0 - -2)/(146/16 + -9)?
15
Let v = -6688 - -6743. Calculate the remainder when 143 is divided by v.
33
Let v = -59 + 99. Suppose 4*m + 12 = -4. Calculate the remainder when v is divided by (32/(-56))/(4/392*m).
12
Let i(v) = -971*v - 948. What is the remainder when i(-1) is divided by (-2 + 0)/((-2)/5)?
3
Let g(d) = -d + 12. Let q be g(10). Suppose 0 = q*k - 4*c - 4, 3*k - 3*c + c = 14. Calculate the remainder when ((-27)/k)/9 - 230/(-4) is divided by 30.
27
Suppose -240 = -772*u + 766*u. What is the remainder when 174 is divided by u?
14
Suppose 17*r - 89853 = -98*r - 68*r. Let v(j) = 4*j**2 - 3*j + 3. Calculate the remainder when r is divided by v(2).
10
Let f(u) = -u**2 + 10*u + 3. Let g(k) = k**3 + 2*k**2 - 24*k - 9. Calculate the remainder when g(-5) is divided by f(8).
17
Let t(w) = 6*w**2 - 134*w + 852. What is the remainder when t(32) is divided by 12?
8
Let u(h) = -3*h**2 + 14*h - 88. Let p be u(6). What is the remainder when 278 is divided by 0 + p/40*-10?
26
Let n(v) = v**3 - 22*v**2 - 40*v - 51. Let y be n(23). Let x = -310 - y. Calculate the remainder when x is divided by 27.
24
Let o(g) = -g**2 + 28*g + 20. Let b(k) = 3*k + 15. Let v be b(4). What is the remainder when o(v) is divided by 13?
8
Let z(q) = -9*q + 10*q + 36 + 2. Let v = -13 + 69. Calculate the remainder when v is divided by z(-23).
11
Suppose -2*n + 2238 = -3*k, 0 = 55*n - 58*n + 5*k + 3359. Calculate the remainder when n is divided by 57.
30
Let s(o) = 3*o**3 - 4*o**2 - 37*o + 200. Calculate the remainder when 1584 is divided by s(4).
144
Calculate the remainder when 10652 is divided by (12/10)/((-4)/18 - 104120/(-453150)).
158
Let q(c) = 29*c + 386. Let a(k) = -6*k - 77. Let w(h) = 11*a(h) + 2*q(h). Calculate the remainder when 169 is divided by w(-13).
24
Let l(d) = d**2 - 160*d + 6445. What is the remainder when 10428 is divided by l(85)?
68
What is the remainder when 839 is divided by 112/42*26*3?
7
Suppose -3*l + 132 = -81. Let j = 91 - l. What is the remainder when 16 is divided by (-1 + 3)/(8/j)?
1
Let a(l) = 2*l - 47. Let t be a(25). Suppose -p - y + 8 = -6, 0 = 4*p + t*y - 59. Calculate the remainder when p is divided by ((-1)/3)/((-1)/27).
8
Suppose 5*b = -g + 21, -4*g + g - 4*b + 30 = 0. What is the remainder when ((-6)/(-4))/3 - (-1281)/g is divided by 43?
42
Let l = -497 - -647. Let q = 57 + -38. Calculate the remainder when l is divided by q.
17
Let s = -71 + 41. Suppose -4*o + 299 = -3*n + 126, 0 = -3*o - 5*n + 166. Let k = s + o. What is the remainder when 67 is divided by k?
16
Suppose j = -5*v + 3, -4*v + 3*j - 9 = -7*v. Let n be 2 - (v/(-2))/(-1). Calculate the remainder when (2 + (-54)/(-8))/(n/40) is divided by 44.
43
Suppose -715 = -27*r + 473. Suppose 3*y - r = 34. Calculate the remainder when 56 is divided by y.
4
Let k(u) = u**3 + 5*u**2 + 8*u + 15. Let b be k(-2). What is the remainder when (-5)/((-15)/(-12)) - (-1705)/b is divided by 39?
34
Suppose 8*d = -33*d - 287. Calculate the remainder when 367 is divided by (11 + d)/(24/246).
39
Let u = -42 + 71. Suppose 3*s - 339 = 3*t, -3*s - 4*t - t = -331. Calculate the remainder when s is divided by u.
25
Let m = -186 - -366. Suppose 11*z - 17*z = -m. Calculate the remainder when 328 is divided by z.
28
Suppose 14 = -15*x - 1. Suppose 2*q = 47 - 3. Calculate the remainder when q is divided by x*2/(-16) + (-47)/(-8).
4
What is the remainder when -10*(-32)/(-400)*5*-967 is divided by 10?
8
Suppose 103*p = 114*p - 88. Calculate the remainder when (-74)/((-11 - -1) + p) is divided by 16.
5
Suppose 5*u - 65 = 3*w, -4*u = 4*w + w - 52. Let j = -36 + 40. Suppose 2*y + 4*l = -3*y + 31, -j*y + 2*l + 30 = 0. What is the remainder when u is divided by y?
6
Let q(m) = 20*m - 80. Let j be q(5). Suppose 66 = j*z - 9*z. Calculate the remainder when 3 - (-1)/(-1)*-8 is divided 